 -260 = -11*p + 7*p. Suppose -3*i + f = -82, -3*i + p = 3*f - 1. What is the tens digit of i?
2
Let d(j) = j**2 - 5*j - 3. Let a be d(8). Suppose -k - 5 + a = 0. What is the units digit of k?
6
Let n(a) = -a**3 + 15*a**2 + a - 13. What is the units digit of n(15)?
2
Suppose 2 = 4*o - 2. What is the units digit of 10*o*(-4)/(-8)?
5
Let q(v) be the third derivative of -v**6/120 + v**5/12 + v**4/4 - 5*v**3/6 + 2*v**2. What is the units digit of q(5)?
5
Let r = 29 - 11. Let o = r - -1. What is the tens digit of o?
1
Suppose 0*x = 2*x - 68. What is the units digit of x?
4
Let f = -5 - -5. Suppose f = -5*x + 156 - 26. What is the units digit of x?
6
Let g be (-213)/(-5) - (-10)/25. Let z = -16 + g. What is the tens digit of z?
2
Let x be 18/27 - (-260)/6. Suppose 0 = 3*d - d - x. What is the tens digit of d?
2
Suppose 2*g = -4*j + 178, g + 5*j - 48 = 38. What is the tens digit of g?
9
Let r(z) = 5*z**2 + z - 4. What is the units digit of r(-2)?
4
Suppose -402 + 139 = -3*b + 2*w, 5*w = -3*b + 235. What is the units digit of b?
5
Suppose 2*r + 3*r - 10 = 0. Let z be (7/(-14))/(r/(-4)). Suppose -o - 5 = -4*x, -4*x + 2*o + z = -1. What is the units digit of x?
2
Suppose 14*j - 13*j = 148. What is the tens digit of j?
4
Let o = 5 - 3. Suppose 3 = -i, o = 2*r + 3*i + 1. Let j = -4 + r. What is the units digit of j?
1
Let l = 81 - 1. Suppose -i - 3*i + l = 0. What is the tens digit of i?
2
Let o(s) = -s**3 + 2*s**2 + 1. What is the tens digit of o(-2)?
1
Let a be 3/((-66)/(-32) - 2). Suppose -5*k + 15 = 2*c - 6, -2*k = 3*c - a. What is the tens digit of c?
1
Suppose -2*p - 8 + 22 = 0. What is the units digit of p/(-5)*(3 - 8)?
7
Let z be (6/(-4))/(3/(-8)). Suppose 4 = 2*a - 4. Suppose -z*q + 70 = 5*t, -a*t - q - 30 = -86. What is the units digit of t?
4
Let r(a) = 4*a**3 - 4*a**2 - 5*a + 4. What is the hundreds digit of r(4)?
1
Suppose 5*q - 31 + 6 = 0. Let a = q + -2. What is the units digit of a?
3
What is the tens digit of (-8)/60 - 2312/(-15)?
5
Let q(w) = 27*w**2 + 2*w - 2. What is the units digit of q(1)?
7
Suppose 5*w = 2*w + 6. Suppose -11 = -w*z + z. What is the tens digit of z?
1
Let h = 20 - -16. What is the tens digit of h?
3
Let m(d) = 4*d**3 + d**2 - 1. Let r be m(1). Suppose -3*n = r*l - 11, 2*n + 6 = 2*l - 10. What is the units digit of l?
5
Let j = 9 - -6. Suppose -4*n + 95 - 25 = 3*g, -2*g = -5*n - 39. Let h = g - j. What is the units digit of h?
7
Suppose 66 = 3*r - g, 0*r + g - 102 = -5*r. Let i = 2 - 0. Suppose z = -i*z + r. What is the units digit of z?
7
Let a(x) = 3*x**3 + x**2 - 2*x. Let b be a(3). Let w = b - 42. What is the tens digit of w?
4
Suppose 8 = 2*k, 3*f + 3*k = -2*f + 142. Let n = f - 21. What is the units digit of n?
5
Let z(t) = -t + 6. Let b be z(5). Suppose 0 = -q + 5 + b. What is the units digit of ((-14)/21)/((-4)/q)?
1
Let v be (6/(-4))/(1/6). Let w(k) be the first derivative of k**4/4 + 3*k**3 + k + 1. What is the units digit of w(v)?
1
Let u = -20 - -34. Suppose -s = 2*b - 11, 3*b - 1 = -s + u. What is the tens digit of ((-30)/b)/((-1)/2)?
1
Let k(z) = z**3 - 12*z**2 + 14*z - 2. What is the tens digit of k(11)?
3
Suppose -3*k + 8 - 2 = 0. Let h be ((-3)/2)/(-3)*k. Let o = h - 0. What is the units digit of o?
1
Suppose 0 = 5*b - 7 + 2. Suppose b = -3*h + 13, h = 4*k + 20. Let x = k + 5. What is the units digit of x?
1
Let o(a) = -2*a - 4. Let q be o(-3). Let n be 3*((-6)/(-3))/q. Suppose 2*j - 3*g - 15 = -6, 0 = -n*j + 5*g + 12. What is the units digit of j?
9
Let u(r) be the third derivative of 2*r**5/15 + r**4/6 + r**3/3 - 2*r**2. What is the units digit of u(-2)?
6
Let s(l) = -2*l**2 + l + 19. Let y be s(-6). Let d = -23 - y. What is the units digit of d?
6
Suppose 3*v + 3 = 9. Suppose -2 = -o + v. What is the tens digit of (2 - o)*26/(-4)?
1
Let f(n) = 2*n - 7. Let v be f(10). Let d(c) = -c**3 + 6*c**2 + 1. Let u be d(6). Suppose -5*s = l - 3*s - u, -4*l + s = -v. What is the units digit of l?
3
Let d be ((-57)/(-6) - 0)*2. Suppose 5*w - 28 = -18. Let f = w + d. What is the units digit of f?
1
Suppose 1 = r - 1. Suppose -4*z + 68 = 5*k, r*z + 6 + 50 = 5*k. What is the tens digit of k?
1
Let c = -98 - -120. What is the units digit of c?
2
Suppose 2*m + 915 = 7*m. What is the units digit of m?
3
Suppose 2*r + 0 = -4. What is the units digit of (r - -3) + (0 - -2)?
3
Suppose -2*l + l = -2. Suppose 0 = -2*v - l*v + 100. What is the units digit of v?
5
Let h be (210*-1)/1*-1. Suppose -3*z - h = -6*z. Suppose 0*y - 5*y = -z. What is the tens digit of y?
1
Suppose -o - 40 = -5*o. Let d be (-94)/o - (-2)/5. What is the units digit of d/(-2) + 6/(-12)?
4
Suppose 4 = 2*y + 2. Suppose 0 = 3*r + 3*n - 54, -5*n - y = -r + 47. What is the tens digit of r?
2
Let b(m) = -m**2 - 7*m - 1. Let g be b(-7). What is the units digit of g*(-10 + 2) + 1?
9
Let i(s) = -s**2 - 4*s - 5. Let k be i(-6). Let g = 37 + k. What is the tens digit of g?
2
Let a be 4200/132 - 2/(-11). Let p = a - 15. What is the units digit of p?
7
Suppose -5*c = -5*g + 205, 4*g - 2*c = 38 + 132. What is the units digit of g?
4
Suppose -24 = -2*q + 2*h, -6*h + 10 = 5*q - h. What is the units digit of q?
7
Suppose 13*c = 16*c - 216. What is the units digit of c?
2
Let q(t) be the first derivative of -t**4/4 - 5*t**3/3 + 5*t**2/2 - 3*t + 1. Let g be q(-6). Suppose o = -g + 6. What is the units digit of o?
3
What is the tens digit of ((-2176)/(-85))/(2/5)?
6
Suppose 0 = 4*s - 0*s + 100. Let v = 7 - s. Suppose -3*x + 20 = -f, 2*f + 2*f - v = -2*x. What is the units digit of x?
8
Suppose 0*d + 5*d = 90. What is the tens digit of d?
1
Suppose h = -0*h + 6. Suppose -h*t + 40 = -t. What is the units digit of t?
8
Suppose w - 4*i = 74, 4*w + 5*i = -0*w + 275. What is the units digit of w?
0
Let z(u) be the second derivative of -u**4/12 + 2*u**3 - 3*u**2/2 - 4*u. What is the units digit of z(11)?
8
Suppose -4*s = -3*k - 14, -k - 5 - 5 = -4*s. Let q be (-64)/6 + 6/9. What is the units digit of (12/10)/(k/q)?
6
Let q(t) = -t - 10*t - t**2 + 2*t + 7 + 3. What is the units digit of q(-8)?
8
Suppose -k = -x - 0*k - 12, 5*x = -2*k - 53. Let c = x - -25. What is the tens digit of c?
1
Let m(j) = -j**3 + 2*j**2 + j + 1. Let x(u) = u**2 - 4*u - 3. Let s be x(5). What is the units digit of m(s)?
3
Let o be -5 + -3 + 4 - -68. Suppose -104 = -3*y + o. What is the tens digit of y?
5
Suppose 3*n = 12, -2*n + 24 = -4*a + 6*a. Suppose -g - a = -3*v + 33, v - 32 = 4*g. What is the units digit of v?
2
Suppose 7 = -5*j + 47. Suppose -5*r - 63 = -j*r. What is the units digit of r?
1
Let i(s) = -5*s**2 + 3*s - 21. Let m(w) = 3*w**2 - w + 11. Let d(o) = -4*i(o) - 7*m(o). Let y(j) = -7*j + 1. Let g be y(1). What is the units digit of d(g)?
1
Suppose -4*b - 22 = 2*p, -5*p + 10*p + b = -55. Let h = p - -16. What is the units digit of h?
5
What is the units digit of (-2 - (1 + -2))/(2/(-206))?
3
Let m = 8 + 10. Suppose 0 = 16*s - 18*s + m. What is the units digit of s?
9
Suppose -s = 4*s - 30. Suppose -s = a + 2*v, -4*a + 26 = -3*v + 6. Suppose -4*t + a*t = -16. What is the units digit of t?
8
Let b = 258 - 97. What is the units digit of b?
1
Suppose 23 = 2*f - 3*f + 5*g, -f = 5*g - 27. Suppose f*r + 4*k + 388 = 0, 4*r = 2*r - 3*k - 389. What is the units digit of r/(-16) - 2/8?
2
Let t = -4 - -4. Let l be (-2)/(-2)*(-19 + t). Let a = 27 + l. What is the units digit of a?
8
Let d be 4/5*(-5)/(-2). Suppose -4*p - 35 + 101 = -d*r, 3*p - 47 = -r. What is the units digit of p/(-6)*(-63)/12?
4
Let t(w) = 16*w**2 - w - 1. Let j be t(-2). Suppose -11 = 3*n - j. What is the units digit of n?
8
Let w = 17 - 10. Suppose 3*b + 160 = w*b. Suppose -5*x + 3*x = -b. What is the tens digit of x?
2
Suppose -3*x + i + 20 = 0, -6*x - i + 10 = -4*x. What is the units digit of x?
6
Suppose 23*r = 20*r + 516. What is the tens digit of r?
7
Suppose d + 2*d - 36 = 0. Let b = 28 - d. What is the tens digit of b?
1
Let c(b) = -3*b + 5. Let m be c(6). What is the tens digit of 2 - -1 - 5 - m?
1
Let v = -7 + 7. Suppose -4*m - 184 = -v*m. What is the units digit of (-7)/(-28) + m/(-8)?
6
Suppose 48 = 2*c + c. Let u = 1 + c. What is the tens digit of u?
1
Let z(k) = k + 2. Let d be z(-2). Suppose d = 5*s + 15, -x = 2*s + 3*s + 6. What is the units digit of x?
9
Let a(d) = -d**3 + 10*d**2 - 7*d + 25. What is the tens dig